k + 20 = 3*k, -p - 8 = 3*k. Suppose 0 = 2*w + 2, -g - 4*w - 1519 = -p*g. Is g a composite number?
True
Let h be 2 + (-4 - -4) + 0. Suppose h*x - 115 - 199 = 0. Is x a prime number?
True
Let o = 56289 + -8028. Is o a prime number?
False
Suppose -d + 2*g = -6665, d - 6664 = -6*g + 9*g. Is d a prime number?
False
Let b(a) = -11*a**3 - 2*a - a**2 + 587 + 4*a**3 + 0*a + 6*a**3. Is b(0) a prime number?
True
Suppose -2*d + 184 = i - 5*d, 3*i + d = 502. Let v be (-7)/((-70)/5) - (-149)/(-2). Let b = v + i. Is b a composite number?
True
Let n = -33 + 38. Suppose n*y + 0*y - 170 = 0. Is y a prime number?
False
Let m = -3 - -9. Let g be 3*m/(-9) - 0. Is 184 + (-6)/g - 2 a prime number?
False
Suppose 0 = -65*i + 64*i + 1651. Is i a prime number?
False
Suppose -95 = 5*u + 215. Let i = u - -20. Is (i/(-9))/((-4)/(-42)) composite?
True
Let q(g) = g**2 - 5*g. Let c be q(6). Let h(a) = 2*a**3 - 5*a**2 + 15*a + 2. Let w be h(12). Is 2/3 + w/c composite?
False
Let n = 25 - 16. Suppose -5*q = -2*h - 10 - n, -h + 2*q = 7. Suppose h*z - z = -4*f + 234, -5*z = 4*f - 597. Is z prime?
False
Let g(j) = -2*j + 3. Let l be g(0). Suppose -2*z + 10 = 5*q - q, l*q + 4*z = -5. Suppose 250 = -i + 3*i + o, 3*i = q*o + 401. Is i prime?
True
Suppose f - 374 = -3*i, 0 = -4*f + 8*f + 4*i - 1504. Is f a prime number?
False
Let o = 1 + 4. Let n(d) = d**3 + 10*d**2 - 6*d - 13. Let a be n(-10). Suppose o*x + a = 312. Is x a composite number?
False
Let a(r) = -2*r - 4. Let n be a(-4). Suppose -q = -5*o - n*q - 10190, -4076 = 2*o - q. Is o/(-18) + 4/(-18) composite?
False
Let l = 5794 + -3349. Let p = l + -1700. Is p composite?
True
Let v(q) = 532*q - 7. Let c be v(3). Suppose -2*w + c = -225. Let x = w - 428. Is x a composite number?
False
Let f(u) = 132*u**3 - 3*u**2 + 11. Let i(q) = -198*q**3 + 5*q**2 - 17. Let c(h) = 8*f(h) + 5*i(h). Let j be c(-3). Let o = -1181 - j. Is o a composite number?
True
Is (-5 - -2*1) + (-98736)/(-24) a composite number?
False
Suppose 6*v - 7*v + j = -6743, 3*j + 13486 = 2*v. Is v a prime number?
False
Suppose -5*p = 4*q - 3*q - 63954, -4*q = 2*p - 25578. Is p a prime number?
True
Suppose 18 = 33*k - 31*k. Is (6/(-3))/((-2)/k) a composite number?
True
Let o(y) = 83*y**3 - 4*y**2 + 1. Is o(2) prime?
False
Let m be (-343)/(-28) + (-2)/8. Suppose -5*y - h = -m, -3*y + h - 4*h = 0. Suppose -y*n + 6*n = 2391. Is n a prime number?
True
Let h(y) be the first derivative of -y**6/120 + 13*y**5/60 - 3*y**4/8 + y**3/6 + 4*y**2 + 1. Let o(m) be the second derivative of h(m). Is o(12) prime?
True
Let x = 118532 - 68805. Is x composite?
False
Is 57952/6 + -6 + (-19)/(-3) a composite number?
True
Let l(u) be the second derivative of 155*u**4/6 + u**2/2 + 2*u - 81. Suppose 2*m + 3*m + 5 = 0. Is l(m) prime?
True
Let j(v) = -v**3 - v**2 + 2*v + 1. Let r be j(-2). Suppose 27*x - 5 = 28*x. Let i = r - x. Is i prime?
False
Let u = -250 + 591. Suppose 0 = -4*r - 5*b + u, 5*b = 3*b - 6. Is r a prime number?
True
Let n = 8 - 7. Let w = n - 1. Suppose w = 4*p, -p = -2*s + 247 + 691. Is s a prime number?
False
Suppose 6*w - 16 - 104 = 0. Suppose -w*o + 14*o = -1338. Is o a prime number?
True
Let l = 17 - 13. Let w be 291 - 0/l - -3. Suppose -5*h = -w - 341. Is h prime?
True
Let w(u) be the third derivative of u**5/60 - u**4/2 - u**3 - u**2. Suppose 40*a + 269 - 789 = 0. Is w(a) a composite number?
False
Let l = -5566 + 8029. Is l a composite number?
True
Suppose 7*j - 4*j = 12. Is -10*(-1)/j*106 a composite number?
True
Is (40510 + 45)*(3 + -7)/(-4) a composite number?
True
Let x = 212 - 25. Suppose 194 = n - x. Is n prime?
False
Let y(n) = 39*n**2 + 4*n. Let i(s) = s**2 - 1. Let r(b) = -6*i(b) + y(b). Is r(7) a composite number?
True
Suppose 2*s = 4*l + 5*s - 32, -4*l = -4*s - 4. Let g = -142 + 257. Suppose g = l*w - 4*w. Is w prime?
False
Let y be (0 - (-1 + 1)) + 2426. Is (-1 + (-21)/(-14))*y*1 a prime number?
True
Let h(g) = 632*g**2 + 34*g - 11. Is h(5) prime?
True
Suppose -3*k - 2*z = -2*k + 30, -k + z - 21 = 0. Is (6236/(-6))/(16/k) a composite number?
False
Suppose -151*v = -158*v + 24437. Is v composite?
False
Let s be 21/4 - (-1 + 10/8). Suppose s*o = 1033 + 1182. Is o composite?
False
Let q(p) = -1899*p + 5. Let y be q(-1). Suppose 6249 = 5*t + y. Is t prime?
False
Suppose 0 = -3*t, s + 2*t - 88 = -s. Let d be (-4)/22 - (-2780)/s. Is (1/(-3))/((-3)/d) composite?
False
Let i = 215 - 322. Let w = 430 + i. Is w composite?
True
Let c(w) = -1295*w + 14. Suppose 8*z + 37 = 13. Is c(z) prime?
False
Let a(q) = q**2 - 15*q + 7. Let y be a(12). Suppose -d = -0*d + 63. Let j = y - d. Is j a prime number?
False
Let n = 57098 - 28261. Is n prime?
True
Let c = 553 - 264. Suppose 4*o = -c + 797. Is o prime?
True
Let v(d) be the third derivative of d**6/120 - d**5/10 - 7*d**4/12 + 13*d**3/6 + 9*d**2. Let p be v(9). Let n = p - 3. Is n prime?
True
Let c(b) = 34*b - 5. Is c(34) composite?
False
Let b(w) = w**2 - 2*w - 12. Let n be b(5). Suppose 0 = u - n*f - 1015, 0*u = u - f - 1011. Is u a prime number?
True
Suppose 3*q + q = -5*s - 22, -3*q - 11 = s. Let a(h) = 108*h**2 + 9*h + 22. Is a(q) a composite number?
False
Let i = 8 + -5. Suppose i*v - 138 = 2247. Suppose 4*j + 3*h - 1065 = 0, 5*j - 2*h + v = 2132. Is j a prime number?
False
Suppose -j - 2148 = -2*a + 5588, -4*a = 3*j - 15482. Is a a composite number?
True
Suppose -6136 = -9*u + 10487. Is u a composite number?
False
Let w(y) = -y**3 - 4*y**2 + 2*y + 7. Let s be w(-4). Let z be -1 - (s - (2 + -2)). Suppose -7*k + 4*k + 195 = z. Is k prime?
False
Suppose -25 = -21*v + 16*v. Suppose -v*q + 2486 = -3449. Is q composite?
False
Let y be 8/((-2)/2 + 3). Suppose 3*z = 3*u + 30, 2*z - y*u - 39 = -9. Suppose -1250 = -2*s - 3*n, 0*s - z*s + 3135 = 5*n. Is s a composite number?
False
Suppose -2*j + 273 + 276 = 5*q, -3*j + 834 = -3*q. Is j prime?
True
Let d(y) = -187*y + 17. Suppose j - 14 = -20. Is d(j) prime?
False
Suppose 5*g - 212790 = -29*t + 30*t, 170238 = 4*g - 2*t. Is g composite?
False
Suppose -2*n = 5*a - 1481, -3*a = n + n - 1475. Is n a composite number?
False
Let a(v) = 10*v**2 - 9*v - 31. Let u be a(-14). Suppose -5*w + u = 5*b, -2*w - 5*b + 10*b = -794. Is w a composite number?
True
Is (174/290)/((-2)/(-96010)) composite?
True
Let h be ((-12)/(-3))/(-3*(-1)/6). Let r(z) = 20*z**2 - 9*z - 21. Is r(h) composite?
False
Suppose -3*h + 5*s - 935 = -8*h, 0 = -h + 3*s + 175. Suppose b - g = 412, b - 5*g - h - 216 = 0. Is b a composite number?
True
Let d = 10497 + -5090. Is d prime?
True
Let z = 136 + 171. Is z composite?
False
Suppose 95*y - 93*y = 16. Suppose 3650 - 11002 = -y*u. Is u prime?
True
Let n(y) = -25*y**3 + 5*y**2 + 43. Is n(-6) a prime number?
True
Let s be (10/(-8))/((-1)/(-4)). Let n(l) = -6*l - 4 + 5*l**2 - 4*l + 3*l - 3*l**3 + 4*l**3. Is n(s) a prime number?
True
Let b(f) = 24*f**2 - 18*f + 77. Is b(5) prime?
True
Let u(r) = -3*r - 7. Let o be u(-3). Suppose -k + 1784 = o*p - 4*k, 0 = -5*p - 3*k + 4439. Is p prime?
False
Suppose 5*u + 0 - 20 = 0. Suppose -3*b + j = -2519, -2*b - u*j + 1578 = -92. Is b a composite number?
False
Is ((-2058)/10 + 5)*25/(-10) prime?
False
Let j = -10 - -22. Let p = j + -11. Is 4017/12 - p/(-4) composite?
True
Let b(o) = -3*o**3 + 13*o**2 + 15*o + 9. Let r(j) = -j**3 + 4*j**2 + 5*j + 3. Let g(f) = 4*b(f) - 11*r(f). Is g(-7) prime?
False
Suppose -15 = -5*t, -17*n = -15*n + 4*t - 23846. Is n prime?
False
Suppose -3*c + 338 = -706. Suppose 322 + c = 5*l. Suppose -5*h = 2*t - 111 - 111, l = 3*h + t. Is h composite?
True
Is ((-40)/(-22))/5 - 8993403/(-209) composite?
True
Let l = -9 + 13. Let i(k) = 14*k + 1. Let y be i(4). Suppose -l*v + y - 1 = 0. Is v a prime number?
False
Let h(b) = -b**3 - b**2 + 28*b + 37. Is h(-15) a composite number?
False
Let i be 0/2*5/15. Suppose 7*u - 2709 - 2828 = i. Is u prime?
False
Suppose -51289 = -5*l - 4*a, l + 3*l - 41060 = 4*a. Is l prime?
False
Suppose 2*s - 1266 = 4*l, -7*s + 5*s - 4*l = -1250. Is s prime?
False
Let q = -69 + 73. Is (q/((-32)/(-28)))/((-2)/(-164)) a prime number?
False
Let n = 29682 - 17965. Is n composite?
False
Let k be ((7 - 2) + -3)/2. Suppose -3*m = 17 + k. Is 51/(m/2)*-7 prime?
False
Suppose -3*k - 4*d = -2*d - 639, 0 = 5*k - 2*d - 1065. Suppose b - 161 = 4*v, -4*b + v = k - 797. Is b prime?
False
Let a = -20 + 25. Suppose -